- 11. What is v(16)?
-107
Let v(r) = r**2 + 3414*r - 117296. Calculate v(34).
-64
Let r(a) = -37329*a + 411100. Determine r(11).
481
Let c(i) = 37620*i + 5191545. Calculate c(-138).
-15
Let o(h) = -2*h**3 - 13*h**2 + 41*h + 124. What is o(-8)?
-12
Let a(c) = c**2 - 717*c - 17756. Calculate a(-24).
28
Let l(j) = -10*j**3 + 6*j**2 + 28*j + 123. Give l(-3).
363
Let r(y) = -1678*y - 409542. Give r(-244).
-110
Let y(w) = -6*w**2 - 3233*w + 78044. Calculate y(-562).
-74
Let z(j) = -13*j**2 + 290*j + 24573. Calculate z(56).
45
Let o(h) = -3*h**3 - 150*h**2 + 107*h - 2332. Calculate o(-51).
14
Let p(r) = -2*r**3 - 473*r**2 - 1643*r - 2810. What is p(-233)?
-14
Let o(y) = -175*y**2 - 7*y - 122. Give o(0).
-122
Let m(u) = 8*u**3 - 6*u**2 - 107*u + 214. What is m(2)?
40
Let f(u) = 289*u - 65289. Give f(224).
-553
Let w(n) = -n**2 - 14537*n - 1887195. Calculate w(-131).
-9
Let b(h) = -40*h**2 - 11600*h + 195829. Determine b(16).
-11
Let a(c) = -2092*c - 23842. Give a(-12).
1262
Let d(m) = 13*m**2 - 346*m + 2286. Determine d(15).
21
Let d(r) = -8*r**3 - 556*r**2 + 1110*r + 11. Determine d(2).
-57
Let b(j) = 93*j**2 - 7265*j + 14121. Give b(2).
-37
Let n(x) = -27058*x - 270598. Determine n(-10).
-18
Let i(f) = f**2 + 196697*f - 7869460. Give i(40).
20
Let o(g) = g**3 + 43*g**2 - 4012*g - 183090. Give o(-50).
10
Let y(l) = -l**3 - l**2 - 26*l - 582. Determine y(0).
-582
Let c(k) = -94*k**2 + 243*k - 27. What is c(-3)?
-1602
Let d(m) = -787*m - 16081. Give d(-21).
446
Let y(o) = -858*o - 18826. What is y(-22)?
50
Let j(o) = -3828*o + 512971. What is j(134)?
19
Let b(r) = 2*r**3 - 222*r**2 - 684*r - 14. Calculate b(-3).
-14
Let d(g) = -6*g**3 + 30*g**2 + 43*g - 132. Give d(3).
105
Let z(s) = -4*s**2 + 359*s - 4977. Give z(16).
-257
Let n(i) = -8161*i - 24531. What is n(-3)?
-48
Let i(w) = -w**2 - 967*w + 18729. What is i(19)?
-5
Let m(l) = -3*l**2 - 2845*l - 581460. Determine m(-298).
-62
Let n(l) = 273*l**2 - 1644*l - 41. Give n(8).
4279
Let c(p) = 15056*p + 120459. Give c(-8).
11
Let j(v) = 2806*v - 25505. Calculate j(7).
-5863
Let l(g) = 6*g**3 + 2*g**2 - 2357*g + 9431. Determine l(4).
419
Let h(u) = -u**3 - u**2 - 20630*u - 41259. Give h(-2).
5
Let s(h) = 18*h**2 - 497*h - 2061. Calculate s(31).
-170
Let h(b) = -22710*b + 908407. Calculate h(40).
7
Let n(t) = 575*t - 11052. Determine n(19).
-127
Let k(o) = -867*o - 5972. Give k(-7).
97
Let r(s) = 10689*s + 555875. Calculate r(-52).
47
Let w(q) = -q**2 + 753*q - 61821. Give w(94).
125
Let h(v) = -223*v**2 - 44591*v + 1796. Determine h(-200).
-4
Let o(a) = -22*a**3 + 122*a**2 - 67*a - 153. What is o(2)?
25
Let m(a) = -54*a**2 - 2427*a - 27. Calculate m(-45).
-162
Let c(l) = 47*l**2 - 1876*l + 161. Calculate c(40).
321
Let m(s) = 3*s**3 + 27*s**2 + 2714*s + 21785. Determine m(-8).
265
Let w(l) = -4*l**2 - 567*l - 81. Calculate w(-142).
-223
Let g(l) = -l**3 + l**2 - 1199*l + 12870. Give g(10).
-20
Let d(s) = -6*s**2 - 3252*s - 221745. What is d(-80)?
15
Let l(z) = 11*z**2 - 1463*z + 14940. Calculate l(122).
178
Let t(o) = -3002*o**2 - 672452*o - 889. Determine t(-224).
7
Let n(u) = 5*u**2 - 148*u - 1724. Calculate n(38).
-128
Let d(o) = -o**3 - 39*o**2 - 297*o + 101. Give d(-31).
1620
Let a(v) = -1799*v - 196302. Determine a(-109).
-211
Let l(q) = 11*q**2 - 2254*q - 4731. What is l(207)?
30
Let s(r) = r**3 + 81*r**2 + 1407*r + 121. What is s(-24)?
-815
Let x(z) = 3*z**3 - 40*z**2 - 48*z - 123. What is x(18)?
3549
Let q(l) = 12*l**2 + 581*l - 15423. Calculate q(19).
-52
Let o(m) = -5*m + 132. Calculate o(33).
-33
Let j(k) = -k**2 - 24729*k - 1283202. Calculate j(-52).
2
Let m(f) = 78*f**2 - 382*f + 1875. Determine m(5).
1915
Let r(h) = -2*h**2 - 7919*h + 39729. Calculate r(5).
84
Let j(u) = -255*u - 4068. What is j(-16)?
12
Let v(a) = -a**2 + 77*a + 13696. Calculate v(165).
-824
Let y(g) = 46380*g + 324710. Determine y(-7).
50
Let w(n) = -312124*n + 11236461. Calculate w(36).
-3
Let u(g) = 68348*g - 478433. What is u(7)?
3
Let s(z) = -245*z**2 - 5144*z + 43. What is s(-21)?
22
Let p(k) = 112*k**2 - 21085*k - 58636. Determine p(191).
1
Let r(g) = 7600*g + 174905. Give r(-23).
105
Let d(p) = 2*p**2 - 75*p - 28604. Determine d(140).
96
Let g(p) = -3*p**2 - 332*p - 868. Give g(-108).
-4
Let q(c) = -c**3 - 2*c**2 - 190812*c - 572450. Give q(-3).
-5
Let t(q) = q**3 + 15*q**2 - 1392*q - 5702. Give t(-4).
42
Let u(h) = 2*h**3 - 15*h**2 - 36*h - 9. Determine u(-3).
-90
Let u(d) = 2*d**2 + 87990*d - 5286609. Give u(60).
-9
Let s(u) = 17050*u + 255786. Determine s(-15).
36
Let k(n) = 28887*n - 375378. What is k(13)?
153
Let v(w) = -2*w**3 - 39*w**2 + 2*w - 352. Determine v(-20).
8
Let d(w) = -2*w**2 + 7770*w - 169975. Calculate d(22).
-3
Let i(p) = 353*p + 10892. What is i(-27)?
1361
Let l(g) = -15*g**2 + 831*g - 340. What is l(55)?
-10
Let m(p) = -55354*p - 608961. Give m(-11).
-67
Let y(o) = -3650*o - 54715. What is y(-15)?
35
Let l(v) = v**2 + 146*v + 3566. Give l(-31).
1
Let r(a) = a**3 + 437*a**2 - 888*a - 4400. Determine r(-439).
-10
Let t(r) = -r**3 + 361*r**2 + 727*r - 281. What is t(363)?
82
Let r(j) = -183*j**3 + j**2 - 2*j. Calculate r(1).
-184
Let h(v) = -v**3 + 407*v**2 + 1450*v - 258506. What is h(409)?
-18
Let d(k) = 4535*k + 176892. Calculate d(-39).
27
Let b(g) = -1515*g - 571. What is b(1)?
-2086
Let k(y) = -2*y**3 + 93*y**2 - 869*y - 184. Give k(18).
2642
Let t(v) = -2*v**3 - 27*v**2 - 170*v - 54. Calculate t(-6).
426
Let q(g) = -g**3 + 3*g**2 + 2375*g - 16424. What is q(7)?
5
Let y(x) = x**2 - 105*x + 77. What is y(103)?
-129
Let w(f) = -8*f**2 - 301*f + 274. What is w(-39)?
-155
Let p(n) = 5*n**3 - 1904*n**2 + 3356*n + 20853. Determine p(379).
8
Let j(d) = 3271*d - 513644. Determine j(157).
-97
Let n(s) = -s**2 - 1109*s - 54959. Determine n(-52).
5
Let y(t) = -603*t**2 + 161*t + 135. What is y(-1)?
-629
Let d(b) = -40*b**2 + 152*b + 227. Determine d(0).
227
Let a(n) = 3251*n + 289334. Give a(-89).
-5
Let i(c) = 6167*c + 30604. What is i(-5)?
-231
Let i(f) = -60*f**3 - 11*f**2 + 5*f + 35. Give i(2).
-479
Let l(y) = -8759*y + 87574. Determine l(10).
-16
Let k(y) = 72*y**3 - 21*y**2 - 788*y - 766. Determine k(-1).
-71
Let y(a) = a**2 - 197*a + 917. Give y(193).
145
Let h(i) = -3049*i + 97527. What is h(32)?
-41
Let c(b) = 257*b**2 + 5461*b + 190. Give c(-21).
-1154
Let g(d) = -202935*d + 1014660. What is g(5)?
-15
Let c(j) = -320*j**3 + 3520*j**2 - 16. Calculate c(11).
-16
Let t(q) = -q**3 + 92*q - 22. Calculate t(12).
-646
Let x(v) = -v**3 - 45*v**2 + 772*v - 114. Give x(-58).
-1158
Let c(o) = -1636*o + 5939. Determine c(3).
1031
Let g(d) = 30*d**2 + 440*d + 434. Calculate g(-1).
24
Let h(g) = -42*g + 1901. Determine h(43).
95
Let k(i) = i**3 + 23*i**2 + 117*i + 83. Give k(-16).
3
Let v(l) = l**3 - 136*l**2 - 459*l - 14147. Give v(140).
-7
Let z(j) = 24052*j - 7792834. Determine z(324).
14
Let s(m) = -15*m**2 - 664*m - 4008. Calculate s(-6).
-564
Let o(f) = 20936*f + 22375. Give o(-1).
1439
Let c(d) = -28645*d + 229140. Give c(8).
-20
Let g(r) = 267*r - 30144. What is g(111)?
-507
Let y(m) = 46978*m + 1550293. Calculate y(-33).
19
Let d(p) = 596*p + 33888. Give d(-59).
-1276
Let s(m) = -22*m**2 + 404*m + 1212. Give s(-3).
-198
Let l(j) = -j**3 - 6590*j**2 + 32975*j + 10. Determine l(5).
10
Let v(d) = 2*d**3 - 25*d**2 + 1047*d - 8834. Give v(9).
22
Let y(o) = 224*o**2 - 230*o - 63. Give y(2).
373
Let u(i) = -7*i**3 - 387*i**2 - 475*i + 149. Determine u(-54).
-445
Let s(j) = -22536*j + 2929658. Determine s(130).
-22
Let q(f) = -f**2 + 16*f + 116. What is q(19)?
59
Let q(u) = -4*u**2 - 210*u + 804. Calculate q(-45).
2154
Let t(u) = u**3 + 40*u**2 + 179*u + 8. What is t(-9)?
908
Let v(j) = 811*j + 12318. Give v(-12).
2586
Let c(z) = 2423*z + 7243. Calculate c(-3).
-26
Let k(p) = -1208*p + 9868. Calculate k(8).
204
Let w(i) = -1186*i - 233569. What is w(-197)?
73
Let m(f) = -13*f**3 - 4290*f**2 - 157247*f + 291. Calculate m(-288).
3
Let m(t) = -10039*t - 19787. Give m(-2).
291
Let d(g) = 3*g**3 - 20*g**2 + 70*g - 571. What is d(8)?
245
Let p(a) = 11*a**2 - 10199*a + 50737. What is p(5)?
17
Let f(q) = -1096*q - 103017. Determine f(-94).
7
Let b(x) = -16*x**2 + 132*x - 1240. What is b(9)?
-1348
Let x(d) = 8119*d + 11309760. Calculate x(-1393).
-7
Let a(p) = -463*p - 450. Give a(-3).
939
Let z(v) = -v**2 